{"id":2419,"date":"2021-06-18T15:29:28","date_gmt":"2021-06-18T15:29:28","guid":{"rendered":"http:\/\/360peninsula.com\/2021\/?page_id=2419"},"modified":"2021-06-22T18:17:36","modified_gmt":"2021-06-22T18:17:36","slug":"politica-de-privacidad","status":"publish","type":"page","link":"https:\/\/360peninsula.com\/2021\/?page_id=2419","title":{"rendered":"Politica de Privacidad"},"content":{"rendered":"\t\t<div data-elementor-type=\"wp-page\" data-elementor-id=\"2419\" class=\"elementor elementor-2419\">\n\t\t\t\t\t\t<section class=\"elementor-section elementor-top-section elementor-element elementor-element-20032cf elementor-section-full_width elementor-section-height-min-height elementor-section-height-default elementor-section-items-middle\" data-id=\"20032cf\" data-element_type=\"section\" data-e-type=\"section\" data-settings=\"{&quot;background_background&quot;:&quot;classic&quot;}\">\n\t\t\t\t\t\t\t<div class=\"elementor-background-overlay\"><\/div>\n\t\t\t\t\t\t\t<div class=\"elementor-container elementor-column-gap-extended\">\n\t\t\t\t\t<div class=\"elementor-column elementor-col-100 elementor-top-column elementor-element elementor-element-dd929e2\" data-id=\"dd929e2\" data-element_type=\"column\" data-e-type=\"column\">\n\t\t\t<div class=\"elementor-widget-wrap elementor-element-populated\">\n\t\t\t\t\t\t<div class=\"elementor-element elementor-element-509e755 elementor-widget elementor-widget-heading\" data-id=\"509e755\" data-element_type=\"widget\" data-e-type=\"widget\" data-widget_type=\"heading.default\">\n\t\t\t\t<div class=\"elementor-widget-container\">\n\t\t\t\t\t<h2 class=\"elementor-heading-title elementor-size-large\">POLITICAS DE PRIVACIDAD<\/h2>\t\t\t\t<\/div>\n\t\t\t\t<\/div>\n\t\t\t\t\t<\/div>\n\t\t<\/div>\n\t\t\t\t\t<\/div>\n\t\t<\/section>\n\t\t\t\t<section class=\"elementor-section elementor-top-section elementor-element elementor-element-03865d1 elementor-section-boxed elementor-section-height-default elementor-section-height-default\" data-id=\"03865d1\" data-element_type=\"section\" data-e-type=\"section\">\n\t\t\t\t\t\t<div class=\"elementor-container elementor-column-gap-default\">\n\t\t\t\t\t<div class=\"elementor-column elementor-col-100 elementor-top-column elementor-element elementor-element-ddf1711\" data-id=\"ddf1711\" data-element_type=\"column\" data-e-type=\"column\">\n\t\t\t<div class=\"elementor-widget-wrap elementor-element-populated\">\n\t\t\t\t\t\t<div class=\"elementor-element elementor-element-defdee0 elementor-widget elementor-widget-text-editor\" data-id=\"defdee0\" data-element_type=\"widget\" data-e-type=\"widget\" data-widget_type=\"text-editor.default\">\n\t\t\t\t<div class=\"elementor-widget-container\">\n\t\t\t\t\t\t\t\t\t<p><span style=\"color: #999999;\"><strong style=\"color: #999999;\">PENINSULA 360<\/strong>, se compromete a mantener la privacidad de la informaci\u00f3n personal que nos proporciona cuando utiliza el sitio web siguiente:\u00a0<a style=\"color: #999999;\" href=\"http:\/\/www.luunluxuryrealestate.com\/\">www.360peninsula.com<\/a><\/span><\/p><p><span style=\"color: #999999;\">Esta Pol\u00edtica de Privacidad describe c\u00f3mo usamos la informaci\u00f3n personal que recibimos de parte de usted cuando visita:\u00a0<a style=\"color: #999999;\" href=\"http:\/\/www.360peninsula.com\/\">www.360peninsula.com<\/a><\/span><\/p><p><strong><span style=\"color: #999999;\"><u>Promesa de nuestra pol\u00edtica de privacidad<\/u><\/span><\/strong><\/p><p><span style=\"color: #999999;\">Nuestro activo m\u00e1s importante es la confianza de nuestros clientes y es una prioridad para todos nosotros en <b>360 Peninsula <\/b>mantener la informaci\u00f3n de nuestros clientes segura.<\/span><\/p><p><strong><span style=\"color: #999999;\"><u>Aqu\u00ed le compartimos nuestra promesa:<\/u><\/span><\/strong><\/p><p><span style=\"color: #999999;\">De acuerdo a estrictas normas de seguridad y confidencialidad, salvaguardaremos cualquier informaci\u00f3n que nuestros clientes compartan con nosotros.<\/span><span style=\"color: #999999;\">Limitaremos la recopilaci\u00f3n y el uso de la informaci\u00f3n de nuestros clientes para ofrecerles un mejor servicio. Mantendremos\u00a0a nuestros clientes informados sobre nuestros productos, servicios, oportunidades, promociones y noticias relacionadas con nuestro negocio.<\/span><\/p><p><span style=\"color: #999999;\">Permitiremos que s\u00f3lo los empleados autorizados, que esten capacitados en el manejo adecuado de la informaci\u00f3n de los clientes, tengan acceso a esa informaci\u00f3n. Los empleados que violen nuestra Promesa de Privacidad estar\u00e1n sujetos a nuestro proceso disciplinario.<\/span><br \/><span style=\"color: #999999;\">No revelaremos la informaci\u00f3n de nuestros clientes a ninguna organizaci\u00f3n externa a menos que le hayamos informado y acordado previamente con el cliente o que la ley lo exija.<\/span><br \/><span style=\"color: #999999;\">Siempre mantendremos el control sobre la confidencialidad de la informaci\u00f3n de nuestros clientes. Sin embargo, podemos compartir la informaci\u00f3n de nuestros clientes con empresas de renombre cuando si un cliente ha expresado su inter\u00e9s en su servicio o producto. Tenga en cuenta que esta Pol\u00edtica de Privacidad solo aplica para\u00a0<strong><span style=\"color: #ffffff;\">360 Peninsula.<\/span><\/strong> No aplica para las otras empresas que acabamos de mencionar previamente.<\/span><\/p><p><span style=\"color: #999999;\">En el caso que contratemos otras organizaciones o socios estrat\u00e9gicos para prestar nuestros servicios, les exigiremos que se ajusten a nuestros est\u00e1ndares de privacidad y que nos permitan auditarlos para comprobar su cumplimiento.<\/span><br \/><span style=\"color: #999999;\">Intentaremos mantener los archivos de nuestros clientes completos, actualizados y precisos. Le informaremos a nuestros clientes c\u00f3mo y d\u00f3nde acceder a su informaci\u00f3n (excepto cuando la ley lo proh\u00edba) y c\u00f3mo notificarnos sobre los posibles errores de sus datos.<\/span><\/p><p><strong><span style=\"color: #999999;\"><u>Informaci\u00f3n que recopilamos:<\/u><\/span><\/strong><\/p><p><strong><span style=\"color: #999999;\"><u>General:<\/u><\/span><\/strong><\/p><p><span style=\"color: #999999;\">Cuando se registra en nuestra pagina web y en algunas otras ocasiones, podemos recopilar informaci\u00f3n personal identificable sobre usted que pueda incluir su nombre, direcci\u00f3n, n\u00famero de tel\u00e9fono, direcci\u00f3n de correo electr\u00f3nico y datos sobre su computadora. Sin embargo, no recogemos conscientemente informaci\u00f3n de menores de 18 a\u00f1os, a menos que se obtenga el consentimiento de su padre\/tutor, no se le permite proporcionarnos informaci\u00f3n personal.<\/span><\/p><p><strong><span style=\"color: #999999;\"><u>Informaci\u00f3n sobre el uso del Sitio Web:<\/u><\/span><\/strong><\/p><p><span style=\"color: #999999;\">Recopilamos autom\u00e1ticamente las direcciones IP y la informaci\u00f3n de uso del sitio web de usted cuando visita nuestro sitio web. Esta informaci\u00f3n nos ayuda a evaluar la forma en que nuestros visitantes y clientes utilizan y navegan por nuestro sitio web de forma agregada, incluyendo el n\u00famero y la frecuencia de los visitantes y clientes de cada p\u00e1gina, y la duraci\u00f3n de sus visitas.<\/span><\/p><p><strong><span style=\"color: #999999;\"><u>C\u00f3mo usamos la informaci\u00f3n recopilada ?\u00a0<\/u><\/span><\/strong><\/p><p><strong><span style=\"color: #999999;\">Podemos utilizar la informaci\u00f3n de las siguientes maneras:<\/span><\/strong><\/p><p><span style=\"color: #999999;\">Para los prop\u00f3sitos para los cuales usted espec\u00edficamente proporcion\u00f3 la informaci\u00f3n.<\/span><br \/><span style=\"color: #999999;\">Para enviarle notificaciones por correo electr\u00f3nico sobre nuestros productos y servicios nuevos o existentes, ofertas especiales, o para contactarle de alguna otra manera.<\/span><br \/><span style=\"color: #999999;\">Para mejorar las funciones existentes o desarrollar nuevas funciones, productos y servicios de nuestro negocio o sitio.<\/span><br \/><span style=\"color: #999999;\">Para permitirnos personalizar el contenido y la publicidad que usted y otros ven, en base a caracter\u00edsticas o preferencias personales.<\/span><br \/><span style=\"color: #999999;\">Podemos combinar la informaci\u00f3n que recopilamos de usted en\u00a0<a style=\"color: #999999;\" href=\"http:\/\/www.360peninsula.com\/\">www.360peninsula.com<\/a>\u00a0con la informaci\u00f3n que usted nos proporciona en relaci\u00f3n con el uso de nuestros otros productos, servicios y sitio web.<\/span><br \/><span style=\"color: #999999;\">Podemos revelar y utilizar informaci\u00f3n personal identificable en circunstancias especiales en las que sea necesario para hacer cumplir nuestras condiciones de uso (por ejemplo, cuando sea necesario para proteger nuestros derechos de propiedad intelectual). Tambi\u00e9n podemos revelar o utilizar su informaci\u00f3n personal cuando la ley nos obliga a hacerlo.<\/span><\/p><p><strong><span style=\"color: #999999;\"><u>Seguridad:<\/u><\/span><\/strong><\/p><p><span style=\"color: #999999;\">La informaci\u00f3n de su identificaci\u00f3n personal que recopilamos se almacena en servidores de acceso limitado. Mantendremos las medidas de seguridad necesaria para proteger su informaci\u00f3n personal en\u00a0estos servidores.<\/span><\/p><p><strong><span style=\"color: #999999;\"><u>Transferencias por Internet<\/u><\/span><\/strong><\/p><p><span style=\"color: #999999;\">Dado que la Internet es un entorno mundial, la utilizaci\u00f3n del Internet para reunir y procesar datos personales implica necesariamente la transmisi\u00f3n de datos a nivel internacional. Por lo tanto, al navegar por\u00a0<a style=\"color: #999999;\" href=\"http:\/\/www.360peninsula.com\/\">www.360peninsula.com<\/a>\u00a0y por comunicarse electr\u00f3nicamente con nosotros, usted reconoce y acepta que procesaremos sus datos personales de esta manera.<\/span><\/p><p><strong><span style=\"color: #999999;\"><u>Modificaciones de la pol\u00edtica<\/u><\/span><\/strong><\/p><p><span style=\"color: #999999;\">Esta\u00a0pol\u00edtica de privacidad esta sujeta a cambios.\u00a0Publicaremos cualquier cambio en esta pagina para que pueda accesar\u00a0a la\u00a0informaci\u00f3n\u00a0en todo momento. Aseg\u00farese de revisarla seguido. Sin embargo, tenga la seguridad de que si la pol\u00edtica de privacidad cambia en el futuro, no utilizaremos su informaci\u00f3n personal en virtud de una nueva pol\u00edtica de privacidad\u00a0sin su consentimiento previo.<\/span><\/p><p><strong><span style=\"color: #999999;\"><u>Comentarios y preguntas<\/u><\/span><\/strong><\/p><p style=\"text-align: left;\"><span style=\"color: #999999;\">Si tiene alguna pregunta, comentario o preocupaci\u00f3n sobre nuestra Pol\u00edtica de Privacidad, por favor cont\u00e1ctenos a\u00a0<a style=\"color: #999999;\" href=\"mailto:info@360peninsula.com\">info@360peninsula.com<\/a><\/span><\/p><p>\u00a0<\/p>\t\t\t\t\t\t\t\t<\/div>\n\t\t\t\t<\/div>\n\t\t\t\t\t<\/div>\n\t\t<\/div>\n\t\t\t\t\t<\/div>\n\t\t<\/section>\n\t\t\t\t<\/div>\n\t\t","protected":false},"excerpt":{"rendered":"<p>POLITICAS DE PRIVACIDAD PENINSULA 360, se compromete a mantener la privacidad de la informaci\u00f3n personal que nos proporciona cuando utiliza el sitio web siguiente:\u00a0www.360peninsula.com Esta Pol\u00edtica de Privacidad describe c\u00f3mo usamos la informaci\u00f3n personal que recibimos de parte de usted cuando visita:\u00a0www.360peninsula.com Promesa de nuestra pol\u00edtica de privacidad Nuestro activo m\u00e1s importante es la confianza &hellip;<\/p>\n","protected":false},"author":1,"featured_media":0,"parent":0,"menu_order":0,"comment_status":"closed","ping_status":"open","template":"","meta":{"_joinchat":[],"footnotes":""},"class_list":["post-2419","page","type-page","status-publish","hentry"],"_links":{"self":[{"href":"https:\/\/360peninsula.com\/2021\/index.php?rest_route=\/wp\/v2\/pages\/2419","targetHints":{"allow":["GET"]}}],"collection":[{"href":"https:\/\/360peninsula.com\/2021\/index.php?rest_route=\/wp\/v2\/pages"}],"about":[{"href":"https:\/\/360peninsula.com\/2021\/index.php?rest_route=\/wp\/v2\/types\/page"}],"author":[{"embeddable":true,"href":"https:\/\/360peninsula.com\/2021\/index.php?rest_route=\/wp\/v2\/users\/1"}],"replies":[{"embeddable":true,"href":"https:\/\/360peninsula.com\/2021\/index.php?rest_route=%2Fwp%2Fv2%2Fcomments&post=2419"}],"version-history":[{"count":4,"href":"https:\/\/360peninsula.com\/2021\/index.php?rest_route=\/wp\/v2\/pages\/2419\/revisions"}],"predecessor-version":[{"id":2918,"href":"https:\/\/360peninsula.com\/2021\/index.php?rest_route=\/wp\/v2\/pages\/2419\/revisions\/2918"}],"wp:attachment":[{"href":"https:\/\/360peninsula.com\/2021\/index.php?rest_route=%2Fwp%2Fv2%2Fmedia&parent=2419"}],"curies":[{"name":"wp","href":"https:\/\/api.w.org\/{rel}","templated":true}]}}